[INFO] fetching crate zkp-macros-lib 0.2.0...
[INFO] checking zkp-macros-lib-0.2.0 against master#9610dfe5a9a731ced1ea4923ecbd0c57fe367898 for beta-170-4
[INFO] extracting crate zkp-macros-lib 0.2.0 into /workspace/builds/worker-4-tc1/source
[INFO] validating manifest of crates.io crate zkp-macros-lib 0.2.0 on toolchain 9610dfe5a9a731ced1ea4923ecbd0c57fe367898
[INFO] running `Command { std: CARGO_HOME="/workspace/cargo-home" RUSTUP_HOME="/workspace/rustup-home" "/workspace/cargo-home/bin/cargo" "+9610dfe5a9a731ced1ea4923ecbd0c57fe367898" "metadata" "--manifest-path" "Cargo.toml" "--no-deps", kill_on_drop: false }`
[INFO] started tweaking crates.io crate zkp-macros-lib 0.2.0
[INFO] finished tweaking crates.io crate zkp-macros-lib 0.2.0
[INFO] tweaked toml for crates.io crate zkp-macros-lib 0.2.0 written to /workspace/builds/worker-4-tc1/source/Cargo.toml
[INFO] running `Command { std: CARGO_HOME="/workspace/cargo-home" RUSTUP_HOME="/workspace/rustup-home" __CARGO_TEST_CHANNEL_OVERRIDE_DO_NOT_USE_THIS="nightly" "/workspace/cargo-home/bin/cargo" "+9610dfe5a9a731ced1ea4923ecbd0c57fe367898" "generate-lockfile" "--manifest-path" "Cargo.toml" "-Zno-index-update", kill_on_drop: false }`
[INFO] running `Command { std: CARGO_HOME="/workspace/cargo-home" RUSTUP_HOME="/workspace/rustup-home" "/workspace/cargo-home/bin/cargo" "+9610dfe5a9a731ced1ea4923ecbd0c57fe367898" "fetch" "--manifest-path" "Cargo.toml", kill_on_drop: false }`
[INFO] running `Command { std: "docker" "create" "-v" "/var/lib/crater-agent-workspace/builds/worker-4-tc1/target:/opt/rustwide/target:rw,Z" "-v" "/var/lib/crater-agent-workspace/builds/worker-4-tc1/source:/opt/rustwide/workdir:ro,Z" "-v" "/var/lib/crater-agent-workspace/cargo-home:/opt/rustwide/cargo-home:ro,Z" "-v" "/var/lib/crater-agent-workspace/rustup-home:/opt/rustwide/rustup-home:ro,Z" "-e" "SOURCE_DIR=/opt/rustwide/workdir" "-e" "CARGO_TARGET_DIR=/opt/rustwide/target" "-e" "CARGO_HOME=/opt/rustwide/cargo-home" "-e" "RUSTUP_HOME=/opt/rustwide/rustup-home" "-w" "/opt/rustwide/workdir" "-m" "1610612736" "--user" "0:0" "--network" "none" "ghcr.io/rust-lang/crates-build-env/linux@sha256:19e73879b68f455e41552ea35293514db52ea292d993f571636dbffedb77a1ee" "/opt/rustwide/cargo-home/bin/cargo" "+9610dfe5a9a731ced1ea4923ecbd0c57fe367898" "metadata" "--no-deps" "--format-version=1", kill_on_drop: false }`
[INFO] [stdout] 0efed8e34982887056406de92a0bac06f2974e5fe14169dc6b73ca452e105ba7
[INFO] running `Command { std: "docker" "start" "-a" "0efed8e34982887056406de92a0bac06f2974e5fe14169dc6b73ca452e105ba7", kill_on_drop: false }`
[INFO] running `Command { std: "docker" "inspect" "0efed8e34982887056406de92a0bac06f2974e5fe14169dc6b73ca452e105ba7", kill_on_drop: false }`
[INFO] running `Command { std: "docker" "rm" "-f" "0efed8e34982887056406de92a0bac06f2974e5fe14169dc6b73ca452e105ba7", kill_on_drop: false }`
[INFO] [stdout] 0efed8e34982887056406de92a0bac06f2974e5fe14169dc6b73ca452e105ba7
[INFO] running `Command { std: "docker" "create" "-v" "/var/lib/crater-agent-workspace/builds/worker-4-tc1/target:/opt/rustwide/target:rw,Z" "-v" "/var/lib/crater-agent-workspace/builds/worker-4-tc1/source:/opt/rustwide/workdir:ro,Z" "-v" "/var/lib/crater-agent-workspace/cargo-home:/opt/rustwide/cargo-home:ro,Z" "-v" "/var/lib/crater-agent-workspace/rustup-home:/opt/rustwide/rustup-home:ro,Z" "-e" "SOURCE_DIR=/opt/rustwide/workdir" "-e" "CARGO_TARGET_DIR=/opt/rustwide/target" "-e" "CARGO_INCREMENTAL=0" "-e" "RUST_BACKTRACE=full" "-e" "RUSTFLAGS=--cap-lints=forbid" "-e" "RUSTDOCFLAGS=--cap-lints=forbid" "-e" "CARGO_HOME=/opt/rustwide/cargo-home" "-e" "RUSTUP_HOME=/opt/rustwide/rustup-home" "-w" "/opt/rustwide/workdir" "-m" "1610612736" "--user" "0:0" "--network" "none" "ghcr.io/rust-lang/crates-build-env/linux@sha256:19e73879b68f455e41552ea35293514db52ea292d993f571636dbffedb77a1ee" "/opt/rustwide/cargo-home/bin/cargo" "+9610dfe5a9a731ced1ea4923ecbd0c57fe367898" "check" "--frozen" "--all" "--all-targets" "--message-format=json", kill_on_drop: false }`
[INFO] [stdout] 4020859ab982cf86f32ecc506aa6e9d61a622349f697c0cdfc5d9aa4e97ef756
[INFO] running `Command { std: "docker" "start" "-a" "4020859ab982cf86f32ecc506aa6e9d61a622349f697c0cdfc5d9aa4e97ef756", kill_on_drop: false }`
[INFO] [stderr]    Compiling proc-macro2 v1.0.59
[INFO] [stderr]     Checking unicode-ident v1.0.9
[INFO] [stderr]    Compiling syn v1.0.109
[INFO] [stderr]     Checking hex v0.4.3
[INFO] [stderr]    Compiling quote v1.0.28
[INFO] [stderr]     Checking zkp-macros-lib v0.2.0 (/opt/rustwide/workdir)
[INFO] [stdout] error[E0453]: warn(unsafe_code) incompatible with previous forbid
[INFO] [stdout]   --> src/lib.rs:35:5
[INFO] [stdout]    |
[INFO] [stdout] 6  | #![forbid(unsafe_code)]
[INFO] [stdout]    |           ----------- `forbid` level set here
[INFO] [stdout] ...
[INFO] [stdout] 35 |     unsafe_code,
[INFO] [stdout]    |     ^^^^^^^^^^^ overruled by previous forbid
[INFO] [stdout] 
[INFO] [stdout] 
[INFO] [stdout] error[E0453]: warn(unsafe_code) incompatible with previous forbid
[INFO] [stdout]   --> src/lib.rs:35:5
[INFO] [stdout]    |
[INFO] [stdout] 6  | #![forbid(unsafe_code)]
[INFO] [stdout]    |           ----------- `forbid` level set here
[INFO] [stdout] ...
[INFO] [stdout] 35 |     unsafe_code,
[INFO] [stdout]    |     ^^^^^^^^^^^ overruled by previous forbid
[INFO] [stdout] 
[INFO] [stdout] 
[INFO] [stdout] error[E0425]: cannot find function `decode` in crate `hex`
[INFO] [stdout]   --> src/lib.rs:72:10
[INFO] [stdout]    |
[INFO] [stdout] 72 |     hex::decode(&string).map_err(|err| {
[INFO] [stdout]    |          ^^^^^^ not found in `hex`
[INFO] [stdout]    |
[INFO] [stdout] help: consider importing this function
[INFO] [stdout]    |
[INFO] [stdout] 42 + use core::num::flt2dec::decode;
[INFO] [stdout]    |
[INFO] [stdout] help: if you import `decode`, refer to it directly
[INFO] [stdout]    |
[INFO] [stdout] 72 -     hex::decode(&string).map_err(|err| {
[INFO] [stdout] 72 +     decode(&string).map_err(|err| {
[INFO] [stdout]    |
[INFO] [stdout] 
[INFO] [stdout] 
[INFO] [stdout] error[E0425]: cannot find function `decode` in crate `hex`
[INFO] [stdout]   --> src/lib.rs:72:10
[INFO] [stdout]    |
[INFO] [stdout] 72 |     hex::decode(&string).map_err(|err| {
[INFO] [stdout]    |          ^^^^^^ not found in `hex`
[INFO] [stdout]    |
[INFO] [stdout] help: consider importing this function
[INFO] [stdout]    |
[INFO] [stdout] 42 + use core::num::flt2dec::decode;
[INFO] [stdout]    |
[INFO] [stdout] help: if you import `decode`, refer to it directly
[INFO] [stdout]    |
[INFO] [stdout] 72 -     hex::decode(&string).map_err(|err| {
[INFO] [stdout] 72 +     decode(&string).map_err(|err| {
[INFO] [stdout]    |
[INFO] [stdout] 
[INFO] [stdout] 
[INFO] [stdout] error: aborting due to 2 previous errors
[INFO] [stdout] 
[INFO] [stdout] 
[INFO] [stdout] Some errors have detailed explanations: E0425, E0453.
[INFO] [stdout] 
[INFO] [stdout] For more information about an error, try `rustc --explain E0425`.
[INFO] [stdout] 
[INFO] [stderr] error: could not compile `zkp-macros-lib` (lib) due to 3 previous errors
[INFO] [stdout] error: aborting due to 2 previous errors
[INFO] [stdout] 
[INFO] [stdout] 
[INFO] [stderr] warning: build failed, waiting for other jobs to finish...
[INFO] [stdout] Some errors have detailed explanations: E0425, E0453.
[INFO] [stdout] 
[INFO] [stdout] For more information about an error, try `rustc --explain E0425`.
[INFO] [stdout] 
[INFO] [stderr] error: could not compile `zkp-macros-lib` (lib test) due to 3 previous errors
[INFO] running `Command { std: "docker" "inspect" "4020859ab982cf86f32ecc506aa6e9d61a622349f697c0cdfc5d9aa4e97ef756", kill_on_drop: false }`
[INFO] running `Command { std: "docker" "rm" "-f" "4020859ab982cf86f32ecc506aa6e9d61a622349f697c0cdfc5d9aa4e97ef756", kill_on_drop: false }`
[INFO] [stdout] 4020859ab982cf86f32ecc506aa6e9d61a622349f697c0cdfc5d9aa4e97ef756
